Suppose 20848 = -3*g + 67771. Is g a composite number?
False
Suppose 0*p = i + p - 1, i + 2*p - 5 = 0. Is (1 + 1)/(i - 2622/(-870)) composite?
True
Let d be -4 + (1 - 4 - -154). Suppose 323 = q - d. Suppose -q - 110 = -4*v. Is v prime?
False
Let v(h) = 11*h - 1. Let t = -4 + 10. Is v(t) a prime number?
False
Let u = 2 - -1. Suppose 4*a + 4*o = 0, -u*a - 3*o - 2 = -a. Suppose 0 = a*s - 361 - 133. Is s composite?
True
Let j(s) = s + 226. Let o be j(0). Suppose -284 = 4*c + f, 2*c - 5*c = 4*f + o. Let m = c + 101. Is m a prime number?
True
Let a(i) = 3*i**3 - 11*i**2 + 22*i - 1. Suppose -2*j + 5*m + 0 + 40 = 0, -5*j = 4*m - 34. Is a(j) a prime number?
False
Let c = 60 - 63. Let q = c - -508. Is q composite?
True
Is 38/(-133) + 83598/14 a prime number?
False
Let n = -2209 - -4494. Suppose -h + n = 4*h. Is h composite?
False
Let f = 1 - -4. Is 125 + (0/(-2) - (-3 + f)) a composite number?
True
Let x(y) = 19*y - 60. Let z be x(7). Is 53144/z + 6/(2/1) prime?
False
Suppose x = i + 4 + 1, x = 5*i + 5. Suppose i = -4*o + 2*n + 1674 + 2588, 4253 = 4*o - 5*n. Is o composite?
True
Suppose -1499 = 5*d - 5354. Suppose p = 2912 + d. Is p prime?
False
Suppose 0 = -4*l - 5*m + 29127, l - 15*m + 11*m - 7287 = 0. Is l prime?
True
Is -1*(9 + -62240) + 0 composite?
True
Suppose -15*z = -14*z - 393. Let k = z - 180. Is k a composite number?
True
Let a(m) = -36*m**3 + m**2 - 14*m + 3. Let t(o) = -o**3 - o. Let x(f) = a(f) + t(f). Is x(-4) prime?
True
Suppose 0*b + 15 = b. Let v be (-759)/b + 4/(-10). Let z = v + 736. Is z a composite number?
True
Let p(y) = 4*y + 49. Let a be p(-12). Is a/3*-1*-201 a composite number?
False
Suppose 17*h - 7605 = 26*h. Is (h - -2)*(-14)/6 a composite number?
True
Let k be 1/(3 - (-14)/(-5)). Suppose 0*h = -3*h - k*z + 15, -5*h = -4*z - 25. Let v(x) = x**3 - 3*x**2 - 6*x - 7. Is v(h) a prime number?
True
Suppose 0 = -5*s + 2507 + 44018. Is s a composite number?
True
Let q(h) = -2*h - 3. Let r be q(-3). Suppose -5 = -r*t + 4. Is (2 - 5) + 270/t prime?
False
Suppose 3*p - 26109 = 21*a - 19*a, 9 = 3*a. Is p composite?
True
Let h = 29376 + -9469. Is h prime?
False
Let w be (-645)/(-35) - 3/7. Suppose 2*u = w*u - 13424. Is u a prime number?
True
Let p(f) = 20*f + 27. Let j be ((-64)/4)/((-3)/3). Is p(j) composite?
False
Is (10107/6)/(9/42) a composite number?
True
Suppose 11*l = -3*l + 16968. Let v = 2051 - l. Is v a composite number?
False
Suppose -4*k + 3*k = 66. Let b(h) = -3*h**3 - h**2 + 9*h - 18. Let t be b(5). Let g = k - t. Is g composite?
False
Let l(c) be the third derivative of -1/8*c**4 - 4*c**2 + 0 - 1/20*c**5 - 17/120*c**6 - 1/2*c**3 + 0*c. Is l(-2) a prime number?
True
Suppose 0 = -2*m + 502 - 24. Suppose 3*x = -m + 674. Is x composite?
True
Let p(d) = -3*d**3 - 13*d**2 + 3*d - 19. Let f = 77 + -87. Is p(f) prime?
False
Is (1 + 0/(-7))*2251 prime?
True
Suppose 3*c = 4*c + b - 6, -3*b = 0. Is 2 + 0 + c/(-3) - -681 prime?
False
Let j = -15 - -18. Is j/2*11740/30 prime?
True
Let z(m) = -35*m**2 + 9*m + 11. Let p be z(-5). Let n = 824 - p. Is n composite?
False
Suppose 4*v + 16895 = 4315. Let l = -1784 - v. Is l a prime number?
True
Let d be 2 + -1 + 340/(-2). Let m = d - -296. Is m a composite number?
False
Let f(n) = 108*n + 26333. Is f(0) composite?
True
Let q = 147 + -110. Suppose q*k = 29*k + 1112. Is k a prime number?
True
Suppose -4*y + 2*h + 78 = 0, -h - 3*h = -5*y + 99. Let u(x) = 18*x - 35. Is u(y) prime?
True
Suppose 2*k + 4*t = 43108, 0*k - 3*t + 107763 = 5*k. Let c be (-4)/2*k/(-32). Suppose y - 5*y - a = -c, -y = a - 336. Is y a composite number?
False
Suppose 0 = z + 5, 3*f - 75 = -0*f - 3*z. Suppose -27*j + f*j = 291. Is j prime?
True
Let k be 1/6 - (-87)/18. Suppose -l + 4*l - 12 = b, -b - l = -4. Suppose j = -j + k*v + 382, 3*v = b. Is j a prime number?
True
Let d(q) = 101*q - 116. Is d(15) a composite number?
False
Suppose 60 = k + 42. Let n(j) = 11*j**2 + 5*j + 5. Is n(k) a composite number?
False
Let o(w) = 526. Let q(f) = f + 1. Let g(j) = o(j) - 5*q(j). Is g(0) a prime number?
True
Suppose -3*r + 468 + 762 = 0. Suppose 0*n + 5*n = 5*c - r, 3*c = 5*n + 252. Is c a prime number?
True
Let w = 179 - 82. Let c = w + 62. Is c prime?
False
Let g(o) = -36*o + 25. Let m(u) = 24*u - 17. Let j(i) = 5*g(i) + 8*m(i). Is j(11) a composite number?
True
Suppose -x - 93*s + 94*s + 79858 = 0, -3 = s. Is x prime?
False
Let u(k) = -k**3 + k + 79. Let i be u(0). Let m be (-36)/8*(-152)/6. Let f = m - i. Is f a composite number?
True
Let q = 32 - 43. Is q + 250 - 0/(-2) prime?
True
Is 82/(26/1651*1) composite?
True
Let g be 5 + (2 - (2 - -2)). Suppose -g*s = s - 5012. Is s prime?
False
Suppose 4*o - 10971 = -5*n, 2*o + 2*o - 11016 = 4*n. Is o a composite number?
False
Let p(h) = -3*h**2 + 3*h - 3. Let z be p(2). Let t = z + 19. Suppose t*l - 5*l - 130 = 0. Is l a prime number?
False
Suppose -8 - 2 = -5*s. Let m be 2/4 - 1/s. Suppose -316 = -4*t - m*t. Is t a prime number?
True
Let g be 104/16*(1 - (0 + -1)). Suppose g*z = 8*z + 1055. Is z a prime number?
True
Suppose -4469 = -4*x + 1655. Suppose -4*w + 1065 = -x. Is w composite?
True
Let i(l) = l**2 - 2*l + 1. Suppose -k = -12 + 1. Let v(p) = p - 17. Let a be v(k). Is i(a) composite?
True
Suppose -11*o + 9356 = -7*o. Is o a composite number?
False
Let y be ((-12)/(-10))/((-1365)/275 - -5). Let m = 9 + -4. Is (m + -4)*(y + 2) prime?
False
Let m be (-28)/6*(-1 - -4). Let n be 4/(-3)*21/m. Is (8/24)/(n/1326) composite?
True
Suppose 3*v - 8*v = 5. Let k be (v/2)/(1/20). Is ((-345)/k)/(1/2) a composite number?
True
Let i be (-4)/(-1) - 3/1. Suppose 2*s = 61 + i. Is s composite?
False
Let w be (-12)/9*6/(-4). Suppose -t + 1272 = -3*j + w*t, 4*j - 3*t + 1699 = 0. Let g = j + 984. Is g prime?
True
Suppose 5*w = -3*u - 32, 8 = -5*u + u + 2*w. Is ((-15)/(-6))/((u + 2)/(-164)) a prime number?
False
Let t(a) = -2*a**2 - 19*a - 10. Let z be t(-8). Suppose z*m - 2793 = 8701. Is m a composite number?
False
Let z(m) = m**3 - 4*m**2 + m + 2. Let f be z(2). Let j(h) = -3 - 7*h - 6*h - 7*h + h**2 + 14*h. Is j(f) composite?
False
Let b(q) = q**2 + 7*q + 2444. Let u be b(0). Suppose 0 = 5*g - 421 - u. Is g prime?
False
Let s(x) = -x + 17. Let c be s(14). Suppose -c*h + k = -924, 5*h + 5*k - 971 = 549. Is h prime?
True
Let w(i) = 2*i. Let m be w(2). Suppose -m*a + 1 + 7 = 0. Let l(u) = 101*u + 1. Is l(a) a prime number?
False
Let c(d) = -d**3 - 5*d**2 - d - 11. Let i be c(-5). Is (-62358)/76*((-4)/i)/(-1) prime?
True
Let o(s) = 113*s**2 - 29*s - 31. Let b(c) = -170*c**2 + 44*c + 47. Let d(l) = 5*b(l) + 8*o(l). Is d(11) composite?
False
Let u = 307 + 162. Is u a prime number?
False
Let h = -7 + 30. Suppose h*v = 18*v. Suppose v = 2*c - c - 25. Is c a prime number?
False
Let p(b) = b**3 - 9*b + 19267. Is p(0) a composite number?
False
Let n = 6 + -4. Suppose n*d - 5485 = -5*t - 2090, -4*t - 5*d + 2716 = 0. Is t a prime number?
False
Suppose 5*a + 24 = 69. Suppose -k - j + a = 0, 8*j - 3*j = -2*k + 30. Suppose -3*y = 2*y + 5*m - 155, k*y - 3*m = 155. Is y a prime number?
True
Suppose 18510 = -37*k + 52*k. Is k a prime number?
False
Let l(x) = x**3 - 34*x**2 - 61*x + 5. Is l(42) composite?
True
Is (26 + (-22 - 2))*(-167114)/(-4) prime?
True
Let x be (-2)/14 - 181/7. Let i = -27 - x. Let h(f) = 104*f**2 - 2*f. Is h(i) a composite number?
True
Is 3669/(-12)*20/(-5) a prime number?
True
Let q(a) = -a + 3. Let i be q(0). Is 83*(-14)/(-5 + i) prime?
False
Let a be 7515/2*36/(-45). Let j = a - -4217. Is j prime?
False
Let t = -81 - -89. Suppose 3*r - 185 = -t. Is r prime?
True
Let r be (-4 - 0) + 3 + 86. Let q(o) = 192 - r - 2*o + 162. Is q(0) a prime number?
True
Suppose 0 = -3*n + 2*q - 2064, -2*q = 7*n - 4*n + 2076. Let w = 1099 + n. Is w a composite number?
False
Let l(g) = 11*g**3 - 6*g**2 + 17*g - 5. Is l(7) prime?
True
Suppose 0*l - 4*l + 2*t + 1010 = 0, -2*l + 3*t = -511. Is l a prime number?
True
Let c = 1036 - 591. Suppose k = -c - 243. Let n = k - -1127. Is n a composite number?
False
Suppose -853671 + 185536 = -65*h. Is h a prime number?
False
Suppose 7*o = 2*o - 3295. Let k = -210 - o. Is k a prime number?
True
Let v(w) = 70*w - 1. Let u be v(1). Let g(d) = -1 + 35*d + 39*d - u*d. Is g(4) prime?
True
Let f = -49 - -53. Suppose f*q = -2*n + 632, -627 = -4*n + 2*n - 5*q. Is n a composite numbe